he highest common divisor of 516 and j?
12
Suppose -12*n - 5*w + 150 = -10*n, 4*n - 5*w - 270 = 0. Calculate the greatest common factor of 1526 and n.
14
Suppose -3*z + 249 = 6*v, 3 = 21*z - 24*z. What is the highest common divisor of v and 182?
14
Suppose 5*l + 372 + 108 = 5*o, -4*l + 281 = 3*o. What is the greatest common divisor of o and 285?
95
Let g(j) = -j**3 - 4*j**2 + j - 5. Let s be g(-4). Let u be 8/12 - (-3)/s*-985. Let v = u - 197. What is the greatest common divisor of v and 12?
12
Suppose 104*h - 35 - 42 = 235. What is the greatest common factor of h and 1299?
3
Let u be (-54)/135*(-1)/(-1)*-10. Suppose -u*h + h - 4*r = -12, -5*r = 3*h - 9. Let o be ((-96)/9)/(h/(-12)). Calculate the greatest common divisor of 16 and o.
16
Suppose -28*t + 22*t + 4068 = 0. Let o = t - 392. What is the highest common divisor of o and 26?
26
Let d be (-5)/(-30)*-9*2. Let s(k) = -24*k - 17. Let j be s(d). What is the highest common divisor of j and 495?
55
Let r = 2821 + -2004. What is the highest common factor of 76 and r?
19
Let t(i) = i**2 - i - 11. Let f be t(6). Let a(b) = -b**2 + 13*b - 5. Let z be a(6). Suppose -z - 476 = -3*m. What is the greatest common factor of m and f?
19
Let r(f) = -f**3 + 9*f**2 - 2*f - 1. Let w(s) = -s**3 - 3*s**2 + s - 4. Let j be w(-4). Let a be r(j). Calculate the highest common divisor of a and 141.
47
Suppose -3*f = 5*q - q + 13, -q - 2 = 2*f. Suppose -f = 2*g - 11. Suppose -5*r + 4*r - 4 = -3*n, -2*n + 6 = 0. What is the highest common divisor of r and g?
5
Let p(h) = -h**3 - 8*h**2 + 6*h + 56. Let k be p(-14). What is the highest common factor of k and 112?
28
Suppose -4*k - 7 = -h, 4*h + 174 - 181 = -5*k. What is the greatest common divisor of h and 115?
1
Let d be (-7)/((-7)/(-6)) - -2152. What is the greatest common divisor of 116 and d?
58
Let p(a) = 3*a**3 - a**2 - 2*a + 4. Let v be p(3). Suppose o - 19*o = -30*o + 120. What is the greatest common factor of o and v?
10
Suppose -m + 3*o - 136 = -2*m, -4*o = -2*m + 292. Let t = 240 - m. Calculate the greatest common factor of t and 49.
49
Suppose 138 = 2*f - 75*x + 76*x, f - 89 = -3*x. Let s(h) = -92*h - 1. Let v be s(-1). What is the greatest common factor of v and f?
13
Let r = 174 + -72. Let d be -4 + 10 + 16 - -2. Calculate the greatest common divisor of r and d.
6
Let y be 0/2 - (24 - 30) - 5691/(-3). Calculate the greatest common factor of y and 11.
11
Let o = 5538 + -5500. Calculate the greatest common factor of o and 2603.
19
Let r be (50/(-75))/(((-16)/(-5772))/(-2)). What is the greatest common divisor of 37 and r?
37
Let v = 1740 - -6219. What is the greatest common factor of 42 and v?
21
Let b(o) = -105*o + 4761. Let z be b(-75). What is the greatest common factor of z and 18?
18
Let y(l) = -l**2 - 31*l - 54. Let i be y(-2). Calculate the greatest common divisor of 128 and i.
4
Let q = -4392 - -4402. What is the highest common divisor of q and 7390?
10
Suppose 0 = -28*n + 11*n + 102. Calculate the highest common factor of 402 and n.
6
Suppose 5*b - 3 = 4*b. Let l be 1 + 36 - (-1 + b). Let g = 45 - l. Calculate the greatest common divisor of 10 and g.
10
Let b be 2 - (-9099)/6 - (-12)/(-24). Suppose -12*j + b = -j. Calculate the greatest common factor of 6 and j.
6
Let o(n) = 4*n**3 + 13*n**2 + 4*n - 8. Let r be o(-5). Let u be (r/(-4))/((-1)/(-4)). What is the greatest common factor of 29 and u?
29
Suppose -155 = -17*k + 83. Let b be ((4/k)/1)/((-1)/(-49)). Calculate the greatest common factor of 154 and b.
14
Let d be 4/2*(-37)/(-2). Suppose -n = -0*n - 2*i - 3, 3*n + i = d. Let u = -114 + 169. Calculate the greatest common divisor of u and n.
11
Let u = -20050 + 20120. Let w be (-36)/(-2) + (-2)/(-1). Calculate the highest common divisor of w and u.
10
Let h be -2*(5/(-10) + (-1)/2). Suppose -h*u - 3*z + 7 = 0, 2*u + 2*u - 3*z = 59. Calculate the highest common factor of u and 176.
11
Suppose 2*n - 6 = 14. Suppose 148 = -n*j + 14*j. Suppose -j*l + 480 = -33*l. What is the greatest common divisor of 15 and l?
15
Let m = 395 - 151. Let v be -3*(m/(-12) + -9). Calculate the greatest common divisor of v and 110.
22
Let a(h) = -6*h - 14. Let z(v) = -2*v**2 - 2*v + 2. Let d be z(2). Let i be a(d). Calculate the greatest common factor of 161 and i.
23
Let a = -11851 + 11865. Suppose -5*t = -5*d - 2025, 0 = -4*t + 5*t - 3*d - 403. What is the highest common factor of t and a?
14
Suppose -r + 1769 = 2*n + 2*n, -r = -5*n + 2209. Let d = -159567 + 159669. What is the greatest common factor of d and n?
34
Let c(h) = -5*h - 59. Let v be c(-4). Let g be (13/v)/(2/(-48)). Suppose 8*o - 3*o - 5 = 0. Calculate the greatest common divisor of g and o.
1
Suppose 3*s + 2658 = 3*n, -23*n + 18*n - 4*s + 4448 = 0. What is the greatest common divisor of n and 333?
111
Let h = -16 - -64. Suppose -457*u + 466*u - 328 + 112 = 0. Calculate the highest common factor of h and u.
24
Let k = 21073 + -17919. Calculate the greatest common factor of k and 171.
19
Suppose 0 = 2*s + 5*r - 1576, -189*r - 2360 = -3*s - 197*r. What is the highest common factor of s and 1111?
101
Let a(r) = r**3 + 6*r**2 - 6*r + 17. Let c be a(-7). Suppose 0 = -8*b + c*b - 8. Suppose b*i = 24 + 8. Calculate the greatest common factor of i and 4.
4
Let o be 2/((12/285)/(240/200)). Let q(l) = 30*l**2 + 2*l - 2. Let i be q(-2). What is the greatest common factor of o and i?
57
Let k = 11 + -6. Suppose 22*a + 135 = -17*a + 42*a. What is the highest common factor of k and a?
5
Let m(t) = 7*t**2 - 2*t. Let x be m(-5). Suppose -4*n = -3*i - 5, 13*i - 18*i = n - 30. Calculate the greatest common divisor of x and i.
5
Let d = -9 - -13. Suppose -5*b + 0*b = -d*w + 325, -w - 5*b + 75 = 0. Let p be (-30)/25*w/(-6). What is the highest common divisor of 64 and p?
16
Let k(x) = -x**3 + 32*x**2 + 231*x - 93. Let b be k(38). What is the highest common divisor of b and 71?
1
Let k = -980 - -4506. Calculate the highest common factor of k and 86.
86
Let f be (4*5/(-60))/(6/(-2412)). Calculate the highest common factor of f and 7906.
134
Let p = 28 - 20. Let t(b) = -201*b - 571. Let g be t(-3). Calculate the highest common factor of p and g.
8
Let h(u) = -19*u + 4. Let p be h(7). Let s = -80 - p. Suppose 0 = -n + 2 + 12. Calculate the highest common factor of n and s.
7
Suppose -4*k + 7*k = 219. Let w be -12*(-10)/(-20)*438/(-4). What is the highest common divisor of k and w?
73
Suppose 49 = 8*m + 25. Suppose -n = -5 + 9. Let h be 21/n*(-11 + m). Calculate the highest common divisor of h and 63.
21
Suppose 0 = -7*m + 2040 + 606. What is the greatest common divisor of m and 72?
18
Suppose 14*h - 540 = -16*h. Suppose 12*x - h*x = -3654. Calculate the greatest common factor of 21 and x.
21
Let c(q) = -4*q + 15. Let x be c(-15). Let h be -8 - (-590)/x - 1474/(-30). What is the greatest common factor of h and 21?
7
Let i = -49 - -93. Let f be -1 - -3 - (2184/(-416))/(6/400). What is the greatest common factor of i and f?
44
Let n(f) = 15*f**2 - 81*f + 250. Let b be n(3). Calculate the greatest common factor of 426 and b.
142
Suppose 167 - 609 = -4*w + 2*o, -3*o - 433 = -4*w. What is the greatest common divisor of w and 1541?
23
Let c be 3*149*(38 + -22 - 7). Calculate the greatest common factor of 81 and c.
27
Let a be (-13533)/36 + (-13)/156. Let m = a - -377. What is the highest common divisor of 2 and m?
1
Suppose -107329*p + 107285*p = -129844. Calculate the highest common divisor of 39 and p.
13
Let k = 64 + -35. Let o = 31 - k. Suppose 5*p - 55 = -4*j, -5*j + 35 = -o*p - 3*p. What is the highest common factor of j and 4?
2
Let y = 4880 + -4752. What is the greatest common factor of y and 208?
16
Suppose 13*k - 22 = 147. Suppose 8*v + k*v - 651 = 0. Calculate the greatest common factor of 31 and v.
31
Suppose 3*j = 4*z + 5*j + 102, j - 93 = 4*z. Let k be z/36*1 + (-149)/(-3). Calculate the highest common divisor of 70 and k.
7
Let d be ((-1)/(-2))/(2/76). Let m be -12*(-5)/(-90)*-114. What is the greatest common factor of m and d?
19
Suppose 3*u - 4*u + 4 = 2*n, 5*u + n = 2. Suppose u*s = -s + 13. Let z = -82 + 121. What is the greatest common divisor of z and s?
13
Let i(k) = -34*k**2 - 579*k + 12. Let m be i(-17). What is the highest common factor of m and 319?
29
Let a be (502/(-3))/((-68)/204). Suppose 10*m - 2602